*2 - 10*p - 1. Give h(5).
-26
Let b(n) = n + 10. What is b(-7)?
3
Let q(z) = -6*z + 13. Determine q(-3).
31
Let i(l) = -l**3 + 6*l**2 + 6*l - 20. Determine i(6).
16
Let p(f) = -4*f - 2. Calculate p(3).
-14
Let h(j) = 2*j + 14. What is h(-13)?
-12
Let w(r) = -3*r - 191. Calculate w(-63).
-2
Let o(c) = c**2 - 8*c + 10. Determine o(7).
3
Let a(v) = -2*v**2 + 20*v - 39. Determine a(3).
3
Let k(g) = g**2 + 21*g + 39. Determine k(-17).
-29
Let u(v) = -15*v - 2. What is u(3)?
-47
Let w(b) = -5*b + 35. Give w(6).
5
Let f(k) = -2*k - 2. Give f(-4).
6
Let w(f) = -2*f**2 - 8*f. Determine w(-5).
-10
Let w(n) = -n**3 + 9*n**2 + 8*n + 29. Determine w(10).
9
Let r(m) = 2*m**2 + 9*m - 8. What is r(1)?
3
Let m(o) = -3*o + 4. Determine m(-2).
10
Let o(f) = 5*f - 27. Give o(5).
-2
Let g(u) = -2*u + 6. Give g(7).
-8
Let y(n) = n**3 + 12*n**2 - 8*n + 11. What is y(-12)?
107
Let c(q) = -29*q - 1682. What is c(-58)?
0
Let c(m) = -16*m - 267. Calculate c(-16).
-11
Let j(z) = 10*z + 118. Calculate j(-13).
-12
Let p(d) = -2*d - 9. Determine p(-6).
3
Let i(u) = -u**3 - 15*u**2 - 25*u + 1. What is i(-13)?
-12
Let s(x) = 5*x + 3. Determine s(-2).
-7
Let n(u) = -10*u + 39. What is n(12)?
-81
Let w(z) = 7*z - 378. What is w(50)?
-28
Let j(r) = -24*r - 12. Give j(3).
-84
Let b(v) = v**3 - 10*v**2 - 3*v - 84. Determine b(11).
4
Let r(u) = 10*u + 17. Give r(-6).
-43
Let r(d) = -d**3 + 6*d**2 - 5*d + 8. Give r(6).
-22
Let p(l) = 24*l - 92. Calculate p(4).
4
Let n(w) = -w**3 - 13*w**2 + w + 7. Determine n(-13).
-6
Let d(z) = 15*z + 7. Determine d(-2).
-23
Let r(k) = k**2 + 37*k + 67. Calculate r(-35).
-3
Let k(c) = -c**2 - 11*c - 19. Determine k(-6).
11
Let f(a) = a**2 + 5*a + 2. Calculate f(-5).
2
Let q(z) = -2*z**2 + 12*z + 48. Determine q(9).
-6
Let z(n) = -n**3 + 4*n**2 - 2*n - 3. What is z(3)?
0
Let f(l) = -l**3 + 7*l**2 + 7*l + 2. Calculate f(8).
-6
Let k(t) = 2*t**2 + 13*t - 43. What is k(-9)?
2
Let q(f) = f - 10. Give q(10).
0
Let t(u) = 12*u + 318. Calculate t(-26).
6
Let a(g) = -g**2 + 7*g + 6. Determine a(8).
-2
Let n(s) = 3*s**2 - 82*s + 15. What is n(27)?
-12
Let m(i) = i**2 + 13*i - 7. What is m(-12)?
-19
Let y(q) = -3*q**2 + q - 1. What is y(-4)?
-53
Let f(q) = q**2 - 6*q + 7. What is f(2)?
-1
Let f(a) = -2*a - 7. Give f(-3).
-1
Let w(g) = 3*g**2 - 4*g. Give w(-2).
20
Let a(q) = -q**2 + 17*q + 79. Give a(20).
19
Let h(s) = -s**3 + 8*s**2 - 12*s + 11. Give h(6).
11
Let w(p) = -4*p - 15. What is w(-5)?
5
Let b(a) = 2*a**2 - 8*a - 24. Determine b(6).
0
Let b(w) = w**3 - 12*w**2 - 15*w + 32. Give b(13).
6
Let l(s) = s**3 - 9*s**2 + 3*s - 4. Calculate l(7).
-81
Let f(g) = g**3 + 3*g + 2. Give f(3).
38
Let w(v) = -v**2 + 16*v - 15. Calculate w(13).
24
Let q(o) = -o**2 - 5*o - 3. What is q(-6)?
-9
Let y(v) = v**2 - 4*v - 8. Give y(6).
4
Let a(j) = -j**3 - 8*j**2 + 3*j + 80. Calculate a(-7).
10
Let c(d) = d**3 + 7*d**2 + d + 3. Give c(-7).
-4
Let w(g) = 3*g**2 - g + 4. Give w(3).
28
Let v(x) = -x**2 + 8*x. Determine v(9).
-9
Let w(v) = -v**3 - 29*v**2 - 77*v + 35. What is w(-26)?
9
Let m(l) = 3*l + 15. Calculate m(-5).
0
Let l(w) = -9*w + 59. Determine l(11).
-40
Let j(y) = -y**2 - 3*y + 6. Give j(0).
6
Let m(r) = -5*r**2 + 2*r. Calculate m(-3).
-51
Let d(w) = w**3 + 6*w**2 - 4. Determine d(-6).
-4
Let l(i) = -3*i - 20. Give l(-9).
7
Let k(c) = -c**2 - 13*c - 3. Give k(-13).
-3
Let m(p) = -2*p**3 + 3*p**2 - p + 2. Determine m(2).
-4
Let h(y) = y**2 - y - 7. Calculate h(7).
35
Let o(s) = 2*s + 4. What is o(3)?
10
Let s(b) = b**3 - 7*b**2 + 4*b + 32. Calculate s(5).
2
Let c(j) = -j**2 - 12. What is c(0)?
-12
Let x(a) = a**3 + 20*a**2 + 20*a + 12. Determine x(-19).
-7
Let n(p) = p**3 - 7*p**2 + 8*p + 2. Give n(6).
14
Let a(f) = f**3 + 6*f**2 + 8*f + 3. Give a(-2).
3
Let p(k) = -9*k - 23. What is p(-4)?
13
Let a(n) = -n - 20. What is a(-19)?
-1
Let r(t) = t**3 - 11*t**2 - t + 5. What is r(11)?
-6
Let m(z) = z**2 + 12*z + 35. What is m(-7)?
0
Let l(r) = r + 10. Calculate l(8).
18
Let f(t) = -t**2 - 19*t - 13. Determine f(-19).
-13
Let y(t) = t**2 - 7*t + 9. Give y(7).
9
Let d(j) = -j - 13. Give d(-10).
-3
Let a(d) = 4*d**2 - d + 1. Calculate a(-2).
19
Let y(w) = -2*w + 8. What is y(2)?
4
Let j(f) = -16*f - 241. Give j(-17).
31
Let s(j) = -3*j**3 + j**2 + 4. Calculate s(-3).
94
Let d(j) = -j**3 - 11*j**2 - 11*j - 5. Determine d(-10).
5
Let s(h) = -18*h - 33. Determine s(-2).
3
Let a(l) = l**2 + 36*l - 1. What is a(-36)?
-1
Let n(p) = p**3 + 8*p**2 + 10. What is n(-8)?
10
Let u(d) = -5*d - 136. What is u(-26)?
-6
Let h(n) = 2*n**3 - 21*n**2 - 14*n + 32. What is h(11)?
-1
Let a(g) = -10*g**2 + 2*g - 2. Give a(1).
-10
Let r(l) = l**3 + 9*l**2 - 9*l + 14. Determine r(-10).
4
Let r(v) = v**3 - 28*v**2 + 3*v - 63. What is r(28)?
21
Let m(r) = 110*r**2 - 4*r + 3. Give m(1).
109
Let o(d) = 2*d**2 - 6*d - 26. What is o(-3)?
10
Let d(t) = t**2 - 12*t + 17. Determine d(12).
17
Let v(y) = 3*y**2 + 2*y + 6. What is v(3)?
39
Let z(d) = -16*d + 134. Calculate z(8).
6
Let g(v) = v**3 - 10*v**2 - v + 9. What is g(10)?
-1
Let w(o) = -o**3 + 22*o**2 - 110*o - 9. What is w(8)?
7
Let f(n) = n**3 + 13*n**2 - 10*n + 36. Give f(-14).
-20
Let m(b) = 2*b**3 - 22*b**2 + 22*b - 22. What is m(10)?
-2
Let w(g) = -g**3 + 9*g**2 + 38*g - 18. What is w(12)?
6
Let q(f) = -8*f - 68. Give q(-11).
20
Let k(r) = -r**3 + 12*r**2 + 2*r - 33. Give k(12).
-9
Let u(n) = -n + 8. Determine u(-2).
10
Let q(c) = 4*c**2 + 7*c - 1. What is q(2)?
29
Let c(l) = l**2 + 6*l - 4. Calculate c(-5).
-9
Let u(b) = 8*b - 4. What is u(-3)?
-28
Let u(r) = 5*r + 38. Calculate u(-9).
-7
Let x(f) = -f**3 + 8*f**2 + 31*f + 17. What is x(11)?
-5
Let v(u) = -3*u + 31. Calculate v(8).
7
Let m(x) = 2*x**2 - 52*x - 35. Give m(27).
19
Let y(m) = 5*m + 21. Give y(-4).
1
Let j(i) = i**2 + 17*i - 855. Calculate j(-39).
3
Let j(d) = d**2 - 44*d - 36. Give j(45).
9
Let w(o) = -o**3 - 100*o**2 + 208*o + 407. Calculate w(-102).
-1
Let m(b) = -b**3 + 5*b**2 - 6*b + 2. Calculate m(4).
-6
Let i(f) = -f**2 + 40*f - 159. What is i(36)?
-15
Let f(u) = -u**3 - 7*u**2 + 4*u - 2. What is f(-8)?
30
Let a(h) = h**3 - 5*h**2 + 7*h - 6. Calculate a(4).
6
Let i(x) = -x**2 - 10*x - 8. Give i(-9).
1
Let i(s) = 14*s - 3. What is i(1)?
11
Let z(f) = -f**3 - 10*f**2 + 22*f - 8. What is z(-12)?
16
Let c(l) = l**3 - 4*l**2 - 4*l - 4. Determine c(5).
1
Let x(j) = 2*j**2 - 6*j - 27. What is x(0)?
-27
Let z(p) = -p**2 - 78*p - 375. What is z(-5)?
-10
Let t(v) = v**2 - 3*v - 11. Calculate t(6).
7
Let l(t) = 2*t**3 - 3*t**2 - t + 5. Determine l(-2).
-21
Let a(t) = 2*t**2 - 7*t + 12. Calculate a(7).
61
Let m(a) = a**2 + 8*a + 10. Determine m(-5).
-5
Let o(h) = 5*h**3 + 31*h**2 + 4*h - 8. Calculate o(-6).
4
Let p(n) = -n**2 + 8*n - 15. What is p(10)?
-35
Let x(a) = a**2 + 10*a - 21. Determine x(-14).
35
Let i(c) = 3*c + 44. Give i(-17).
-7
Let k(l) = -l**3 + 6*l**2 - 10. Calculate k(5).
15
Let i(d) = 15*d + 31. What is i(-2)?
1
Let r(f) = f**2 - 7*f + 15. Determine r(7).
15
Let r(z) = 2*z**2 + 6*z - 33. Calculate r(-9).
75
Let w(r) = -r**3 + 6*r**2 - r - 12. Determine w(5).
8
Let o(h) = -2*h**2 + h - 7. What is o(-5)?
-62
Let f(l) = -76*l + 1. Determine f(2).
-151
Let f(b) = b**2 + b - 9. Calculate f(0).
-9
Let o(k) = 226*k - 680. What is o(3)?
-2
Let j(q) = q**3 + 4*q**2 - 5*q - 11. Calculate j(-5).
-11
Let l(g) = g**3 - 6*g + 5. Determine l(4).
45
Let w(a) = -a**2 + 7*a - 8. Give w(6).
-2
Let z(o) = -o - 1. What is z(-1)?
0
Let w(f) = -2*f**2 - 4*f + 1. Determine w(-2).
1
Let x(z) = -z**2 + 2*z + 2. Calculate x(-4).
-22
Let g(s) = -s**2 - 6*s - 4. Determine g(-2).
4
Let j(l) = 17*l + 23. Determine j(-6).
-79
Let j(n) = n**2 - 11*n - 6. Give j(8).
-30
Let u(k) = -k**2 - 5*k - 6. Determine u(-5).
-6
Let g(z) = z**3 - 8*z**2 - 5*z - 6. Calculate g(9).
30
Let s(c) = -c**2 + 27*c + 60. Determine s(29).
2
Let p(l) = 2*l**2 + 10*l + 4. Give p(-4).
-4
Let j(v) = -v**2 - 14*v - 24. Give j(-2).
0
Let n(j) = j**2 + 10*j + 19. Give n(-7).
-2
Let x(u) = -4*u + 37. Determine x(10).
-3
Let j(m) = -14*m + 10. What is j(7)?
-88
Let l(n) = 2*n - 22. Give l(12).
2
Let l(v) = -v**2 - 40*v - 184. Determine l(-35).
-9
Let m(d) = d**2 + 4*d + 2. Determine m(-6).
14
Let k(m) = 13*m - 260. Give k(17).
-39
Let j(l) = -6*l**2 - 50*l - 18. Give j(-8).
-2
Let h(r) = r**2 + 10*r - 12. Calculate h(-10).
-